List the prime factors of (-67110)/(-70)*(14 + -7).
3, 2237
Let y(p) = -9*p + 0*p - 16*p. Let q be y(-4). Suppose 3*n + q = c - 17, c - n - 111 = 0. What are the prime factors of c?
2, 3
Let i(x) = -x**3 + 15*x**2 - 9*x - 17. Let v(p) = -2*p**2 + p - 1. Let z(h) = i(h) + 2*v(h). List the prime factors of z(5).
2, 3
Let b = 18451 - 6490. What are the prime factors of b?
3, 443
Let q(g) = -32*g**2 - 12*g - 116. Let j(x) = 2*x**2 + x - 2. Let t(i) = -8*j(i) - q(i). List the prime factors of t(-10).
2, 3, 47
Suppose -t = -1, -6799 = -2*h - 5*t + 8*t. Suppose 4*o - 4304 = -3*j, 5*j - 10585 + h = -4*o. List the prime factors of j.
2, 3, 5
Suppose -1900*t = -1903*t + 15, 4*w - 122094 = 2*t. What are the prime factors of w?
2, 15263
Suppose -5 = -4*u + 15. Suppose -4*r = 5*s - 9, 4*r + s = u - 0. List the prime factors of (66 - r)/1 - 12/4.
2, 31
Let t = -37851 - -54015. List the prime factors of t.
2, 3, 449
Suppose -5*j = -4*p - 92, 4*j + 0*j = 3*p + 70. Let c be (p/18)/(1/(-5)). What are the prime factors of (-104)/c*1/((-3)/15)?
2, 13
Suppose -5*m = m - 12. Suppose 0 = -3*d - d + 2*l + 1084, -l = m. Suppose -5*f - d = -15*f. What are the prime factors of f?
3
Let g be 26/3*6/4. Let c(a) = -a**2 + 52*a - 878. Let i be c(41). What are the prime factors of (-4)/(-26) - (i/g - -1)?
2
Let l(b) = -b**3 - 2*b**2 - 2*b - 7. Let r = -73 - -78. Suppose 2*t = -3 - 3, -r*p = -5*t. What are the prime factors of l(p)?
2
Suppose 5*i - m = 19, 5*i + 3*m - 7 = m. Suppose i*y - 6*s - 368 = -4*s, 5*y - 5*s - 620 = 0. List the prime factors of y.
2, 3, 5
Suppose 25*c - 1664 = -10939. Let a = c - -404. What are the prime factors of a?
3, 11
Suppose 14*x - 8843 = -2*g + 11*x, -17661 = -4*g - x. List the prime factors of g.
2, 2207
Suppose -11*j = -14 - 30. Suppose -5*z + 1231 = -h, 6*z - 3*z + j*h - 757 = 0. List the prime factors of z.
13, 19
Suppose -19*u + 20*u - 48384 = h, -u = -2*h - 48391. List the prime factors of u.
7, 6911
Let i = 56 - 52. Let d be 36/((-8)/i) - 5. Let g = 122 + d. List the prime factors of g.
3, 11
Suppose 0 = 3*f - 12 - 6. Suppose 4 = 4*w, -f*b + 2*b - 134 = -2*w. What are the prime factors of 2250/33 + 3 + 105/b?
2, 17
Suppose 40*m - 484755 = 12*m + 12413. List the prime factors of m.
2, 23, 193
Let y = 11 + -116. Let g = 255 + y. Let t = g - 65. What are the prime factors of t?
5, 17
Let k(j) = 62*j - 74. Let p(v) = -64*v + 72. Let r(f) = -4*k(f) - 3*p(f). What are the prime factors of r(-19)?
2, 11, 13
Let g = -17198 - -29569. List the prime factors of g.
89, 139
What are the prime factors of 3104 - 0/(12/(0 + -4))?
2, 97
Suppose 0*h + 2*w + 1178 = 2*h, -5*w = -20. Suppose h = 3*k - 661. What are the prime factors of k?
2, 11, 19
Let x(o) = -o**2 - 31*o + 107. Let n be x(-34). Suppose 2*w = -n*g + 4730, -5*w + 1891 = 2*g - 4*w. List the prime factors of g.
2, 3, 79
Suppose -2*h + 31438 = -263*x + 266*x, 5*h - 31426 = -3*x. List the prime factors of x.
2, 3, 1747
Suppose 0 = -5410*o + 5384*o + 1197144. List the prime factors of o.
2, 3, 1279
Suppose 0 = 79*s - 61*s - 2106. List the prime factors of (-13)/(s/(-9801)) + 5.
2, 547
What are the prime factors of (14877/(-6))/(12*(-3)/648)?
3, 19, 29
Suppose 4*o + 25420 = 5*l - 18806, -3*o = -3*l + 26538. List the prime factors of l.
2, 4421
Suppose 0 = 4*z + 2*z - 414. Let g = z + -17. Let x = g + 36. What are the prime factors of x?
2, 11
Let s = 14319 - 8774. List the prime factors of s.
5, 1109
Suppose 95*v + 52 = 99*v. Suppose v*s = -2*s + 13755. What are the prime factors of s?
7, 131
Let y = -13472 + 41254. List the prime factors of y.
2, 29, 479
Suppose 5*t = 4*t + 2, 0 = -2*y + 5*t - 8. List the prime factors of (18/12)/((-662)/668 + y).
167
Suppose 0 = -2*p + 6, 0 = 2*t + 7*p - 2*p + 27. Let r(d) = -12*d - 40. Let q(b) = 13*b + 39. Let f(u) = 4*q(u) + 5*r(u). List the prime factors of f(t).
2, 31
Let j(d) = 192*d - 839. What are the prime factors of j(32)?
5, 1061
Let h be 129/15 + 8/(-5) + 1. Let g be (h/(-12))/((-6)/9). What are the prime factors of 27 + (-4)/g + 6/6?
2, 3
Suppose -169*x + 140*x = -2703641. What are the prime factors of x?
93229
Let l = 2 - 1. Suppose 6*x + 72 = 3*x. What are the prime factors of (-300)/x - l/2?
2, 3
Let w = 75 + -42. Let d be (-1540)/25 + 7/(175/(-10)). Let b = w - d. What are the prime factors of b?
5, 19
Suppose 0 = -3*c - k + 3, 5*c - 19 = -k + 4*k. Suppose c*s + 263 = -5*x, s + 2*x + 130 = x. Let q = 280 + s. What are the prime factors of q?
151
Let n(k) = -k**3 - k**2 + 58*k + 31. What are the prime factors of n(-15)?
2311
Suppose 9*n + 29489 = m, -9*m + 3*n = -10*m + 29417. List the prime factors of m.
5, 7, 29
Let r(f) = f + 12. Let i be r(-10). Let c be (0 + 1/i)*2. What are the prime factors of c*2*206*5/20?
103
Suppose 3*n + 5 = 4*s - 6*s, -5*n - 45 = -4*s. Suppose -x = -5*g + 9, 3*x - 11 = -s*g + g. List the prime factors of 184 + (g/7 - 78/(-21)).
2, 47
Let j(z) = z**3 - 5*z**2 + 8*z - 4. Let x be j(3). Suppose 4*h - 5*a + 2*a = 111, 0 = -x*a - 10. Let c = h + 59. List the prime factors of c.
83
Suppose -125546 - 313787 = -28*a + 152363. What are the prime factors of a?
2, 3, 587
Let t = 240 - 128. Let w = 74 + t. Suppose 0 = 4*m - 650 + w. What are the prime factors of m?
2, 29
Let k = -20 - -444. Let w = 25 + -20. Suppose -3*t + k = w*t. What are the prime factors of t?
53
Suppose 3*a = 3, u + 6*a - 10 = a. Suppose 0 = u*p - 3*i - 7585, 77 = p - 3*i - 1452. List the prime factors of p.
2, 757
Let h = -3553 + 5420. List the prime factors of h.
1867
Suppose u = -5*x + 170, 5*x = u - 4*u + 160. Suppose 4*r = -5*z + 24 + 6, -r = -3*z + x. What are the prime factors of ((-15)/z)/(12/(-160))?
2, 5
Suppose 2*w = 2*k + 6 - 54, 3*w = -5*k + 88. Let j(s) = s**2 - 14*s - 38. List the prime factors of j(k).
2, 41
Suppose -1 + 21 = 2*p + 4*i, 3*p + 2 = 2*i. Suppose 4*t + p*m + 241 - 955 = 0, 2*t = -2*m + 358. Let h = t - -91. What are the prime factors of h?
269
List the prime factors of 1/(-15) - (-1129394)/210.
2, 2689
Let r(y) = 4*y + 44. Let l be 100/12*(-1 - (-2)/(-1)). Let x = -34 - l. List the prime factors of r(x).
2
Suppose -5*l - 400 = -4*p - 5, p = 4*l + 316. Let n = l + 87. Suppose -n = -2*i + 188. What are the prime factors of i?
2, 7
Suppose -3*k - 13 = 14. Let j(i) be the second derivative of i**4/12 + i**3/6 + 5*i**2/2 - 4*i - 5. List the prime factors of j(k).
7, 11
List the prime factors of 4877825/2773 - (-4)/(-94).
1759
Suppose 5*t + 25 = 5*y, y = -y - 4*t - 2. Suppose -2*v + v + 767 = -5*z, -3*z + 15 = 0. What are the prime factors of (1/(4/2))/(y/v)?
2, 3, 11
Let q be -1 - (-4 - (135 + -2)). Let g = 190 + q. What are the prime factors of g?
2, 163
Suppose 0 = -2*y - 2*m + 14, -m - 2*m + 11 = y. Suppose n - y*s + 20 = 158, -5*s - 10 = 0. List the prime factors of n.
2
List the prime factors of (((-33025)/2)/5)/(2400/(-32640)).
2, 17, 1321
Let o(y) = 18811*y + 419. List the prime factors of o(3).
2, 61, 233
Let c(n) = n**2 - 4 + 5 + 8*n**3 - 5*n**2 - 4*n**3 + 4*n. Let j be c(2). Let d = j - -11. What are the prime factors of d?
2, 3
Suppose -58*q = 65*q - 328045 - 294581. What are the prime factors of q?
2, 2531
Let a(h) be the first derivative of -5*h**4/8 - h**3/6 + 3*h**2 + 13. Let w(c) be the second derivative of a(c). What are the prime factors of w(-7)?
2, 13
Let d be 20/((-3)/12 + 847/3164). Let f = -565 + d. List the prime factors of f.
5, 113
Let d(b) = 2*b**3 - 7*b**2 + 124*b + 41. List the prime factors of d(15).
2, 29, 61
Suppose i - 5*p = 14, 4 = -0*p - 2*p. Suppose -5*v - 4*c + 7 = 0, i*c + 6 + 17 = 5*v. What are the prime factors of 156/14*(v - 0 - -4)?
2, 3, 13
Let k = -382 + 385. Suppose k*i - 10*i = -4599. List the prime factors of i.
3, 73
Let u(m) = -26*m + 152. Let c be u(-35). Let v = c + -451. List the prime factors of v.
13, 47
Let x be (15/(-12))/((3/4)/(-3)). Suppose 0 = x*r + 4*h - 5444, 3*h + 578 = 2*r - 1595. What are the prime factors of r?
2, 17
Suppose 5*c + 36 = 161. Let u(a) = -6*a + 2. Let f(q) = 25*q + 6. Let d(h) = f(h) + 3*u(h). What are the prime factors of d(c)?
11, 17
Let i = -117624 - -179107. List the prime factors of i.
61483
Let c(m) = 17*m**2 + 15*m + 5. Let r be c(9). Suppose 6*j - 4*h - 1873 = j, -3*h = 4*j - r. List the prime factors of j.
13, 29
What are the prime factors of